ivisor of 541415 and 413850?
155
What is the highest common divisor of 2353 and 6389253?
13
Calculate the highest common divisor of 231 and 6579034.
77
Calculate the highest common divisor of 1788 and 7716.
12
What is the greatest common divisor of 1482 and 7322718?
78
What is the greatest common factor of 2009 and 410816?
49
What is the highest common divisor of 763460736 and 14004?
4668
What is the greatest common factor of 4325 and 173605?
5
Calculate the greatest common factor of 45030161 and 2486.
1243
What is the highest common divisor of 16 and 2665076?
4
What is the highest common divisor of 150840 and 8460?
180
Calculate the greatest common divisor of 640872 and 632.
8
What is the highest common divisor of 2054580 and 27225?
1815
What is the greatest common divisor of 1971260 and 12?
4
Calculate the greatest common divisor of 406 and 2323811.
7
Calculate the highest common factor of 3154 and 485882.
166
Calculate the highest common divisor of 342 and 90215534.
38
What is the greatest common divisor of 1854 and 3183627?
309
Calculate the highest common factor of 1242 and 48654729.
621
Calculate the highest common factor of 23320576 and 59.
59
What is the greatest common divisor of 8536 and 6805520?
776
What is the highest common factor of 100 and 140125?
25
Calculate the greatest common divisor of 122277480 and 24.
24
What is the greatest common divisor of 56079 and 253059?
201
What is the greatest common factor of 19 and 416882021?
19
What is the greatest common divisor of 340415 and 84608?
661
Calculate the greatest common factor of 33155 and 19598405.
95
Calculate the greatest common divisor of 4123379 and 37093.
757
Calculate the highest common factor of 6364 and 23044388.
172
Calculate the greatest common divisor of 8556 and 4206.
6
What is the greatest common factor of 951340 and 419120?
260
What is the greatest common divisor of 443037 and 463267?
2023
What is the greatest common factor of 159053 and 2103701?
3001
Calculate the highest common divisor of 9 and 2447445456.
9
What is the greatest common divisor of 1259429269 and 6099?
2033
What is the highest common factor of 35 and 73511655?
35
What is the highest common divisor of 28827 and 46850281?
3203
Calculate the highest common divisor of 3658 and 67762621.
1829
Calculate the highest common divisor of 22050 and 171147690.
4410
What is the greatest common divisor of 132 and 7355799?
33
What is the highest common divisor of 48045616 and 88136?
3832
Calculate the highest common divisor of 421252 and 395564.
52
What is the greatest common divisor of 10 and 8276435?
5
Calculate the greatest common factor of 959315512 and 821.
821
What is the highest common factor of 3 and 14596401?
3
Calculate the highest common factor of 923682424 and 112.
56
Calculate the greatest common factor of 6790 and 28398496.
1358
What is the highest common factor of 1770 and 31866962?
118
Calculate the highest common factor of 76 and 799871652.
76
Calculate the greatest common divisor of 13824 and 1247872.
128
What is the highest common factor of 6566 and 1019004?
98
What is the highest common divisor of 153032 and 1409848?
3256
Calculate the greatest common factor of 240392 and 40994.
398
Calculate the highest common factor of 88 and 416980388.
44
What is the greatest common divisor of 224689995 and 531?
531
Calculate the highest common divisor of 47297065 and 657.
73
What is the highest common divisor of 17636105 and 514685?
6515
Calculate the greatest common factor of 680581552 and 32.
16
What is the greatest common divisor of 42 and 23815876?
14
Calculate the greatest common divisor of 236 and 1653399716.
236
Calculate the greatest common factor of 6 and 1435774.
2
Calculate the greatest common divisor of 7684114 and 502.
502
What is the greatest common divisor of 308 and 95806964?
44
What is the greatest common factor of 2219798 and 1568?
98
What is the highest common divisor of 15834 and 1617252?
546
Calculate the greatest common divisor of 59700080 and 54576.
6064
Calculate the highest common divisor of 546 and 388317566.
182
What is the highest common divisor of 48601774 and 65?
13
What is the highest common divisor of 397628 and 140588?
28
Calculate the greatest common factor of 2090919 and 24087.
93
Calculate the highest common factor of 9645 and 5064555.
15
What is the greatest common divisor of 93295 and 14711?
47
What is the highest common factor of 8655 and 2202409?
577
What is the greatest common divisor of 12 and 2884047?
3
Calculate the greatest common divisor of 10878386 and 24.
2
What is the highest common divisor of 30102000 and 36830?
290
Calculate the highest common factor of 39 and 62426.
13
What is the highest common divisor of 518064 and 179?
1
What is the greatest common factor of 679748216 and 15248?
7624
What is the highest common factor of 32946 and 5288802?
1938
Calculate the highest common divisor of 303623632 and 804.
268
Calculate the greatest common divisor of 799448 and 520.
104
What is the highest common factor of 77953 and 203993?
137
What is the highest common factor of 3008156 and 2204?
76
Calculate the highest common divisor of 94926366 and 144.
18
Calculate the greatest common factor of 274741 and 6109.
41
What is the highest common divisor of 9891175 and 28?
7
Calculate the highest common divisor of 3962 and 316078.
14
Calculate the highest common divisor of 3450 and 79375.
25
What is the highest common divisor of 12175 and 1710831?
487
Calculate the highest common divisor of 1353 and 29637916.
451
Calculate the highest common divisor of 337416 and 50184.
408
What is the greatest common factor of 286941 and 7571265?
2841
Calculate the highest common factor of 4789897 and 2918.
1459
What is the greatest common divisor of 191392 and 613056?
32
Calculate the highest common factor of 526 and 90276854.
526
What is the highest common factor of 356115 and 9915?
15
Calculate the highest common factor of 278306998 and 2.
2
Calculate the greatest common divisor of 893391201 and 466.
233
What is the greatest common factor of 62 and 29516?
2
What is the highest common factor of 19890290 and 630?
70
What is the highest common factor of 132 and 202207665?
33
Calculate the highest common factor of 13551134 and 30174.
94
Calculate the greatest common divisor of 969 and 86013285.
969
Calculate the highest common divisor of 720208 and 2608.
16
Calculate the highest common factor of 403138044 and 72.
36
Calculate the highest common factor of 44339808 and 714.
102
Calculate the greatest common factor of 406 and 674714.
58
Calculate the greatest common divisor of 36 and 3958776.
36
What is the highest common divisor of 27 and 34979391?
27
What is the greatest common divisor of 173283399 and 9?
9
Calculate the greatest common divisor of 99001750 and 428.
214
Calculate the highest common factor of 29 and 204857.
1
What is the greatest common divisor of 436716 and 186?
6
Calculate the greatest common factor of 5607 and 10610838.
63
Calculate the highest common factor of 1376077016 and 1052.
1052
What is the highest common divisor of 5589060 and 120?
60
What is the greatest common divisor of 6384899 and 2211?
67
Calculate the greatest common factor of 301786485 and 110.
55
What is the highest common divisor of 4601246 and 1924?
962
Calculate the greatest common divisor of 1373033 and 265697.
1591
What is the highest common factor of 291258 and 1023?
33
What is the highest common divisor of 3061 and 1251?
1
What is the greatest common divisor of 214896 and 1930512?
1776
What is the greatest common divisor of 24619003 and 19?
19
Calculate the greatest common divisor of 262116 and 1052509.
809
What is the highest common divisor of 336 and 37451694?
42
What is the greatest common divisor of 504441864 and 3453?
3453
Calculate the highest common divisor of 127050 and 255012450.
11550
What is the highest common divisor of 631350 and 16592?
122
What is the highest common divisor of 1741272252 and 76?
76
What is the greatest common divisor of 12961 and 433212?
13
What is the greatest common divisor of 12231 and 184761?
81
What is the greatest common factor of 11075453 and 1148?
41
What is the highest common divisor of 95605660 and 40?
20
What is the highest common factor of 9 and 118843466